{"version":"1.0","provider_name":"Festival Ravel","provider_url":"https:\/\/festivalravel.fr\/en\/","title":"An evening in Grenada - Festival Ravel","type":"rich","width":600,"height":338,"html":"<blockquote class=\"wp-embedded-content\" data-secret=\"80dlAtLtfB\"><a href=\"https:\/\/festivalravel.fr\/en\/events\/evening-in-granada\/\">An evening in Grenada<\/a><\/blockquote><iframe sandbox=\"allow-scripts\" security=\"restricted\" src=\"https:\/\/festivalravel.fr\/en\/events\/evening-in-granada\/embed\/#?secret=80dlAtLtfB\" width=\"600\" height=\"338\" title=\"&#8220;An evening in Grenada&#8221; &#8212; Festival Ravel\" data-secret=\"80dlAtLtfB\" frameborder=\"0\" marginwidth=\"0\" marginheight=\"0\" scrolling=\"no\" class=\"wp-embedded-content\"><\/iframe><script type=\"text\/javascript\">\n\/* <![CDATA[ *\/\n\/*! This file is auto-generated *\/\n!function(d,l){\"use strict\";l.querySelector&&d.addEventListener&&\"undefined\"!=typeof URL&&(d.wp=d.wp||{},d.wp.receiveEmbedMessage||(d.wp.receiveEmbedMessage=function(e){var t=e.data;if((t||t.secret||t.message||t.value)&&!\/[^a-zA-Z0-9]\/.test(t.secret)){for(var s,r,n,a=l.querySelectorAll('iframe[data-secret=\"'+t.secret+'\"]'),o=l.querySelectorAll('blockquote[data-secret=\"'+t.secret+'\"]'),c=new RegExp(\"^https?:$\",\"i\"),i=0;i<o.length;i++)o[i].style.display=\"none\";for(i=0;i<a.length;i++)s=a[i],e.source===s.contentWindow&&(s.removeAttribute(\"style\"),\"height\"===t.message?(1e3<(r=parseInt(t.value,10))?r=1e3:~~r<200&&(r=200),s.height=r):\"link\"===t.message&&(r=new URL(s.getAttribute(\"src\")),n=new URL(t.value),c.test(n.protocol))&&n.host===r.host&&l.activeElement===s&&(d.top.location.href=t.value))}},d.addEventListener(\"message\",d.wp.receiveEmbedMessage,!1),l.addEventListener(\"DOMContentLoaded\",function(){for(var e,t,s=l.querySelectorAll(\"iframe.wp-embedded-content\"),r=0;r<s.length;r++)(t=(e=s[r]).getAttribute(\"data-secret\"))||(t=Math.random().toString(36).substring(2,12),e.src+=\"#?secret=\"+t,e.setAttribute(\"data-secret\",t)),e.contentWindow.postMessage({message:\"ready\",secret:t},\"*\")},!1)))}(window,document);\n\/\/# sourceURL=https:\/\/festivalravel.fr\/wp-includes\/js\/wp-embed.min.js\n\/* ]]> *\/\n<\/script>\n","description":"Works from Ravel, Debussy, Alb\u00e9niz, Granados, Balakirev, Nin&#8230; &#8212; Length of the concert: 1h30 with intermission Rate A &#8211; Concert included in the 100% piano Pass \u2014 About this concert &#8211; on France Musique \u00a0L\u2019\u00e9chapp\u00e9e belle avec Bertrand Chamayou Jean-Fr\u00e9d\u00e9ric Neuburger : &#8220;La musique et la litt\u00e9rature sont des arts du son&#8221; \u00a0Les mille vies [&hellip;]","thumbnail_url":"https:\/\/s.w.org\/images\/core\/emoji\/17.0.2\/svg\/1f3a4.svg"}

Works from Ravel, Debussy, Albéniz, Granados, Balakirev, Nin&#8230; &#8212; Length of the concert: 1h30 with intermission Rate A &#8211; Concert included in the 100% piano Pass — About this concert &#8211; on France Musique  L’échappée belle avec Bertrand Chamayou Jean-Frédéric Neuburger : &#8220;La musique et la littérature sont des arts du son&#8221;  Les mille vies [&hellip;]
